{"id":482,"date":"2017-01-30T18:20:07","date_gmt":"2017-01-30T17:20:07","guid":{"rendered":"http:\/\/www.sokollomnicka.cz\/?page_id=482"},"modified":"2026-01-07T16:51:54","modified_gmt":"2026-01-07T15:51:54","slug":"prihlasky-ke-stazeni","status":"publish","type":"page","link":"https:\/\/www.sokollomnicka.cz\/?page_id=482","title":{"rendered":"P\u0159ihl\u00e1\u0161ky a \u010dlensk\u00e9 p\u0159\u00edsp\u011bvky"},"content":{"rendered":"\n<h1 class=\"wp-block-heading\">&nbsp;<\/h1>\n\n\n\n<h2 class=\"wp-block-heading\"><strong>Poplatky pro \u010dleny \u010cOS na kalend\u00e1\u0159n\u00ed rok 202<\/strong>6<\/h2>\n\n\n\n<figure class=\"wp-block-table is-style-stripes\"><table><tbody><tr><td><strong>Ml\u00e1de\u017e do 18 let<\/strong><br><strong> a senio\u0159i od 65 let<\/strong><\/td><td><\/td><td><strong>600 K\u010d<\/strong><\/td><\/tr><tr><td><strong>&nbsp;<\/strong><\/td><td><strong>Registrovan\u00ed hr\u00e1\u010di stoln\u00edho tenisu nav\u00edc 300 K\u010d<\/strong><\/td><td><strong>900 K\u010d<\/strong><\/td><\/tr><tr><td><strong>Dosp\u011bl\u00ed<\/strong><\/td><td><\/td><td><strong>900 K\u010d<\/strong><\/td><\/tr><tr><td><\/td><td><strong>Registrovan\u00ed hr\u00e1\u010di stoln\u00edho tenisu nav\u00edc 300 K\u010d<\/strong><\/td><td><strong>1200 K\u010d<\/strong><\/td><\/tr><\/tbody><\/table><\/figure>\n\n\n\n<p><strong>Splatnost poplatk\u016f je&nbsp;do 28. 2. 2026.<\/strong><\/p>\n\n\n\n<p>Up\u0159ednost\u0148ujeme <strong>\u00fahradu poplatk\u016f na \u00fa\u010det&nbsp;<\/strong>(lze v\u0161ak platit i hotov\u011b).<\/p>\n\n\n\n<ul class=\"wp-block-list\">\n<li>\u010d\u00edslo \u00fa\u010dtu <strong>209065649\/0300<\/strong> <\/li>\n\n\n\n<li><strong>rodn\u00e9 \u010d\u00edslo<\/strong> uve\u010fte jako <strong>variabiln\u00ed symbol <\/strong><\/li>\n\n\n\n<li><strong>jm\u00e9no a p\u0159\u00edjmen\u00ed <\/strong>uve\u010fte <strong>do pozn\u00e1mky <\/strong> <\/li>\n\n\n\n<li>v\u00a0p\u0159\u00edpad\u011b \u00fahrady za v\u00edce osob zaslat jednou platbou a do pozn\u00e1mky uv\u00e9st jm\u00e9na a R.\u010c. v\u0161ech osob; r.\u010d. jako variabiln\u00ed s. nen\u00ed tedy nutn\u00e9 uv\u00e1d\u011bt<\/li>\n<\/ul>\n\n\n\n<p><strong>U&nbsp;<u>nov\u00fdch \u010dlen\u016f<\/u>&nbsp;je pot\u0159eba <a href=\"https:\/\/www.ecz-sokol.cz\/clen\/prihlaska\/49461788\">vyplnit online p\u0159ihl\u00e1\u0161ku<\/a><\/strong>.<\/p>\n\n\n\n<p><\/p>\n\n\n\n<h2 class=\"wp-block-heading\">QR k\u00f3dy pro platbu<\/h2>\n\n\n\n<hr class=\"wp-block-separator has-alpha-channel-opacity has-midnight-gradient-background has-background is-style-wide\"\/>\n\n\n\n<p><strong>Ml\u00e1de\u017e do 18-ti let a senio\u0159i od 65 let<\/strong> (600 K\u010d)<\/p>\n\n\n\n<p>Dopl\u0148te <strong>rodn\u00e9 \u010d\u00edslo<\/strong> jako <strong>variabiln\u00ed symbol<\/strong> a <strong>jm\u00e9no a p\u0159\u00edjmen\u00ed do pozn\u00e1mky<\/strong>.<\/p>\n\n\n\n<figure class=\"wp-block-image size-full\"><a href=\"https:\/\/www.sokollomnicka.cz\/wp-content\/Snimek-obrazovky-2025-12-23-v-11.42.02.png\"><img loading=\"lazy\" decoding=\"async\" width=\"319\" height=\"319\" src=\"https:\/\/www.sokollomnicka.cz\/wp-content\/Snimek-obrazovky-2025-12-23-v-11.42.02.png\" alt=\"\" class=\"wp-image-1517\" srcset=\"https:\/\/www.sokollomnicka.cz\/wp-content\/Snimek-obrazovky-2025-12-23-v-11.42.02.png 319w, https:\/\/www.sokollomnicka.cz\/wp-content\/Snimek-obrazovky-2025-12-23-v-11.42.02-300x300.png 300w, https:\/\/www.sokollomnicka.cz\/wp-content\/Snimek-obrazovky-2025-12-23-v-11.42.02-150x150.png 150w\" sizes=\"auto, (max-width: 319px) 100vw, 319px\" \/><\/a><\/figure>\n\n\n\n<hr class=\"wp-block-separator has-alpha-channel-opacity has-midnight-gradient-background has-background is-style-wide\"\/>\n\n\n\n<p><strong>Registrovan\u00ed hr\u00e1\u010di stoln\u00edho tenisu ml\u00e1de\u017e do 18-ti let a senio\u0159i od 65 let<\/strong> (900 K\u010d)<\/p>\n\n\n\n<p>Dopl\u0148te <strong>rodn\u00e9 \u010d\u00edslo<\/strong> jako <strong>variabiln\u00ed symbol<\/strong> a <strong>jm\u00e9no a p\u0159\u00edjmen\u00ed do pozn\u00e1mky<\/strong>.<\/p>\n\n\n\n<figure class=\"wp-block-image size-full\"><a href=\"https:\/\/www.sokollomnicka.cz\/wp-content\/Snimek-obrazovky-2025-12-23-v-11.46.29.png\"><img loading=\"lazy\" decoding=\"async\" width=\"319\" height=\"319\" src=\"https:\/\/www.sokollomnicka.cz\/wp-content\/Snimek-obrazovky-2025-12-23-v-11.46.29.png\" alt=\"\" class=\"wp-image-1518\" srcset=\"https:\/\/www.sokollomnicka.cz\/wp-content\/Snimek-obrazovky-2025-12-23-v-11.46.29.png 319w, https:\/\/www.sokollomnicka.cz\/wp-content\/Snimek-obrazovky-2025-12-23-v-11.46.29-300x300.png 300w, https:\/\/www.sokollomnicka.cz\/wp-content\/Snimek-obrazovky-2025-12-23-v-11.46.29-150x150.png 150w\" sizes=\"auto, (max-width: 319px) 100vw, 319px\" \/><\/a><\/figure>\n\n\n\n<hr class=\"wp-block-separator has-alpha-channel-opacity has-midnight-gradient-background has-background is-style-wide\"\/>\n\n\n\n<p><strong>Dosp\u011bl\u00ed<\/strong> (900 K\u010d)<\/p>\n\n\n\n<p>Dopl\u0148te <strong>rodn\u00e9 \u010d\u00edslo<\/strong> jako <strong>variabiln\u00ed symbol<\/strong> a <strong>jm\u00e9no a p\u0159\u00edjmen\u00ed do pozn\u00e1mky<\/strong>.<\/p>\n\n\n\n<figure class=\"wp-block-image size-full\"><a href=\"https:\/\/www.sokollomnicka.cz\/wp-content\/Snimek-obrazovky-2025-12-23-v-11.46.29-1.png\"><img loading=\"lazy\" decoding=\"async\" width=\"319\" height=\"319\" src=\"https:\/\/www.sokollomnicka.cz\/wp-content\/Snimek-obrazovky-2025-12-23-v-11.46.29-1.png\" alt=\"\" class=\"wp-image-1519\" srcset=\"https:\/\/www.sokollomnicka.cz\/wp-content\/Snimek-obrazovky-2025-12-23-v-11.46.29-1.png 319w, https:\/\/www.sokollomnicka.cz\/wp-content\/Snimek-obrazovky-2025-12-23-v-11.46.29-1-300x300.png 300w, https:\/\/www.sokollomnicka.cz\/wp-content\/Snimek-obrazovky-2025-12-23-v-11.46.29-1-150x150.png 150w\" sizes=\"auto, (max-width: 319px) 100vw, 319px\" \/><\/a><\/figure>\n\n\n\n<hr class=\"wp-block-separator has-alpha-channel-opacity has-midnight-gradient-background has-background is-style-wide\"\/>\n\n\n\n<p><strong>Registrovan\u00ed hr\u00e1\u010di stoln\u00edho tenisu dosp\u011bl\u00ed <\/strong>(1200 K\u010d)<\/p>\n\n\n\n<p>Dopl\u0148te <strong>rodn\u00e9 \u010d\u00edslo<\/strong> jako <strong>variabiln\u00ed symbol<\/strong> a <strong>jm\u00e9no a p\u0159\u00edjmen\u00ed do pozn\u00e1mky<\/strong>.<\/p>\n\n\n\n<figure class=\"wp-block-image size-full\"><a href=\"https:\/\/www.sokollomnicka.cz\/wp-content\/Snimek-obrazovky-2025-12-23-v-11.47.54.png\"><img loading=\"lazy\" decoding=\"async\" width=\"319\" height=\"319\" src=\"https:\/\/www.sokollomnicka.cz\/wp-content\/Snimek-obrazovky-2025-12-23-v-11.47.54.png\" alt=\"\" class=\"wp-image-1520\" srcset=\"https:\/\/www.sokollomnicka.cz\/wp-content\/Snimek-obrazovky-2025-12-23-v-11.47.54.png 319w, https:\/\/www.sokollomnicka.cz\/wp-content\/Snimek-obrazovky-2025-12-23-v-11.47.54-300x300.png 300w, https:\/\/www.sokollomnicka.cz\/wp-content\/Snimek-obrazovky-2025-12-23-v-11.47.54-150x150.png 150w\" sizes=\"auto, (max-width: 319px) 100vw, 319px\" \/><\/a><\/figure>\n","protected":false},"excerpt":{"rendered":"<p>&nbsp; Poplatky pro \u010dleny \u010cOS na kalend\u00e1\u0159n\u00ed rok 2026 Ml\u00e1de\u017e do 18 let a senio\u0159i od 65 let 600 K\u010d &nbsp; Registrovan\u00ed hr\u00e1\u010di stoln\u00edho tenisu nav\u00edc 300 K\u010d 900 K\u010d Dosp\u011bl\u00ed 900 K\u010d Registrovan\u00ed hr\u00e1\u010di stoln\u00edho tenisu nav\u00edc 300 K\u010d &hellip; <a href=\"https:\/\/www.sokollomnicka.cz\/?page_id=482\">Cel\u00fd p\u0159\u00edsp\u011bvek <span class=\"meta-nav\">&rarr;<\/span><\/a><\/p>\n","protected":false},"author":14,"featured_media":0,"parent":0,"menu_order":0,"comment_status":"closed","ping_status":"closed","template":"","meta":{"ngg_post_thumbnail":0,"footnotes":""},"class_list":["post-482","page","type-page","status-publish","hentry"],"jetpack_sharing_enabled":true,"jetpack_shortlink":"https:\/\/wp.me\/PaaAj-7M","_links":{"self":[{"href":"https:\/\/www.sokollomnicka.cz\/index.php?rest_route=\/wp\/v2\/pages\/482","targetHints":{"allow":["GET"]}}],"collection":[{"href":"https:\/\/www.sokollomnicka.cz\/index.php?rest_route=\/wp\/v2\/pages"}],"about":[{"href":"https:\/\/www.sokollomnicka.cz\/index.php?rest_route=\/wp\/v2\/types\/page"}],"author":[{"embeddable":true,"href":"https:\/\/www.sokollomnicka.cz\/index.php?rest_route=\/wp\/v2\/users\/14"}],"replies":[{"embeddable":true,"href":"https:\/\/www.sokollomnicka.cz\/index.php?rest_route=%2Fwp%2Fv2%2Fcomments&post=482"}],"version-history":[{"count":28,"href":"https:\/\/www.sokollomnicka.cz\/index.php?rest_route=\/wp\/v2\/pages\/482\/revisions"}],"predecessor-version":[{"id":1563,"href":"https:\/\/www.sokollomnicka.cz\/index.php?rest_route=\/wp\/v2\/pages\/482\/revisions\/1563"}],"wp:attachment":[{"href":"https:\/\/www.sokollomnicka.cz\/index.php?rest_route=%2Fwp%2Fv2%2Fmedia&parent=482"}],"curies":[{"name":"wp","href":"https:\/\/api.w.org\/{rel}","templated":true}]}}