{"id":25,"date":"2009-10-28T21:46:54","date_gmt":"2009-10-28T20:46:54","guid":{"rendered":"http:\/\/www.sokollomnicka.cz\/?page_id=25"},"modified":"2025-09-09T10:13:44","modified_gmt":"2025-09-09T09:13:44","slug":"cvicebni-hodiny","status":"publish","type":"page","link":"https:\/\/www.sokollomnicka.cz\/?page_id=25","title":{"rendered":"Cvi\u010debn\u00ed hodiny"},"content":{"rendered":"\n<p><strong>Rozvrh pro nov\u00fd cvi\u010debn\u00ed rok z\u00e1\u0159\u00ed 2025 \u2013 \u010derven 2026<\/strong><\/p>\n\n\n\n<figure class=\"wp-block-image size-large\"><a href=\"https:\/\/www.sokollomnicka.cz\/wp-content\/Cvicebni-hodiny-2025-2026-sokolovna.png\"><img loading=\"lazy\" decoding=\"async\" width=\"1024\" height=\"620\" src=\"https:\/\/www.sokollomnicka.cz\/wp-content\/Cvicebni-hodiny-2025-2026-sokolovna-1024x620.png\" alt=\"\" class=\"wp-image-1423\" srcset=\"https:\/\/www.sokollomnicka.cz\/wp-content\/Cvicebni-hodiny-2025-2026-sokolovna-1024x620.png 1024w, https:\/\/www.sokollomnicka.cz\/wp-content\/Cvicebni-hodiny-2025-2026-sokolovna-300x182.png 300w, https:\/\/www.sokollomnicka.cz\/wp-content\/Cvicebni-hodiny-2025-2026-sokolovna-768x465.png 768w, https:\/\/www.sokollomnicka.cz\/wp-content\/Cvicebni-hodiny-2025-2026-sokolovna-1536x930.png 1536w, https:\/\/www.sokollomnicka.cz\/wp-content\/Cvicebni-hodiny-2025-2026-sokolovna-2048x1240.png 2048w, https:\/\/www.sokollomnicka.cz\/wp-content\/Cvicebni-hodiny-2025-2026-sokolovna-496x300.png 496w\" sizes=\"auto, (max-width: 1024px) 100vw, 1024px\" \/><\/a><\/figure>\n\n\n\n<figure class=\"wp-block-image size-large\"><a href=\"https:\/\/www.sokollomnicka.cz\/wp-content\/Cvicebni-hodiny-2025-2026-ostatni.png\"><img loading=\"lazy\" decoding=\"async\" width=\"1024\" height=\"600\" src=\"https:\/\/www.sokollomnicka.cz\/wp-content\/Cvicebni-hodiny-2025-2026-ostatni-1024x600.png\" alt=\"\" class=\"wp-image-1424\" srcset=\"https:\/\/www.sokollomnicka.cz\/wp-content\/Cvicebni-hodiny-2025-2026-ostatni-1024x600.png 1024w, https:\/\/www.sokollomnicka.cz\/wp-content\/Cvicebni-hodiny-2025-2026-ostatni-300x176.png 300w, https:\/\/www.sokollomnicka.cz\/wp-content\/Cvicebni-hodiny-2025-2026-ostatni-768x450.png 768w, https:\/\/www.sokollomnicka.cz\/wp-content\/Cvicebni-hodiny-2025-2026-ostatni-1536x901.png 1536w, https:\/\/www.sokollomnicka.cz\/wp-content\/Cvicebni-hodiny-2025-2026-ostatni-2048x1201.png 2048w, https:\/\/www.sokollomnicka.cz\/wp-content\/Cvicebni-hodiny-2025-2026-ostatni-500x293.png 500w\" sizes=\"auto, (max-width: 1024px) 100vw, 1024px\" \/><\/a><\/figure>\n\n\n\n<p><strong><a href=\"https:\/\/www.sokollomnicka.cz\/rozvrh.pdf\">Cvi\u010debn\u00ed hodiny ke sta\u017een\u00ed [pdf]<\/a><\/strong><\/p>\n\n\n\n<p><\/p>\n","protected":false},"excerpt":{"rendered":"<p>Rozvrh pro nov\u00fd cvi\u010debn\u00ed rok z\u00e1\u0159\u00ed 2025 \u2013 \u010derven 2026 Cvi\u010debn\u00ed hodiny ke sta\u017een\u00ed [pdf]<\/p>\n","protected":false},"author":14,"featured_media":0,"parent":0,"menu_order":0,"comment_status":"closed","ping_status":"closed","template":"","meta":{"ngg_post_thumbnail":0,"footnotes":""},"class_list":["post-25","page","type-page","status-publish","hentry"],"jetpack_sharing_enabled":true,"jetpack_shortlink":"https:\/\/wp.me\/PaaAj-p","_links":{"self":[{"href":"https:\/\/www.sokollomnicka.cz\/index.php?rest_route=\/wp\/v2\/pages\/25","targetHints":{"allow":["GET"]}}],"collection":[{"href":"https:\/\/www.sokollomnicka.cz\/index.php?rest_route=\/wp\/v2\/pages"}],"about":[{"href":"https:\/\/www.sokollomnicka.cz\/index.php?rest_route=\/wp\/v2\/types\/page"}],"author":[{"embeddable":true,"href":"https:\/\/www.sokollomnicka.cz\/index.php?rest_route=\/wp\/v2\/users\/14"}],"replies":[{"embeddable":true,"href":"https:\/\/www.sokollomnicka.cz\/index.php?rest_route=%2Fwp%2Fv2%2Fcomments&post=25"}],"version-history":[{"count":24,"href":"https:\/\/www.sokollomnicka.cz\/index.php?rest_route=\/wp\/v2\/pages\/25\/revisions"}],"predecessor-version":[{"id":1427,"href":"https:\/\/www.sokollomnicka.cz\/index.php?rest_route=\/wp\/v2\/pages\/25\/revisions\/1427"}],"wp:attachment":[{"href":"https:\/\/www.sokollomnicka.cz\/index.php?rest_route=%2Fwp%2Fv2%2Fmedia&parent=25"}],"curies":[{"name":"wp","href":"https:\/\/api.w.org\/{rel}","templated":true}]}}