{"id":10,"date":"2007-12-31T11:19:47","date_gmt":"2007-12-31T10:19:47","guid":{"rendered":"http:\/\/www.sokollomnicka.cz\/?page_id=10"},"modified":"2022-02-26T21:02:11","modified_gmt":"2022-02-26T20:02:11","slug":"kontakt","status":"publish","type":"page","link":"https:\/\/www.sokollomnicka.cz\/?page_id=10","title":{"rendered":"Kontakt"},"content":{"rendered":"<h1>TJ Sokol Lomni\u010dka<\/h1>\n<p>Lomni\u010dka 27<\/p>\n<p>666 01 Ti\u0161nov<\/p>\n<p>I\u010c <strong>49461788<\/strong><\/p>\n<p><a title=\"info@sokollomnicka.cz\" href=\"mailto:info@sokollomnicka.cz\">info@sokollomnicka.cz<\/a><\/p>\n<p>Datov\u00e1 schr\u00e1nka <b data-mp4p=\"\">fnqdhsh<\/b><\/p>\n<p>Telefonn\u00ed kontakt <strong>606 944 741<\/strong>\u202c (starosta Pavel Hrabec)<\/p>\n<p><iframe loading=\"lazy\" style=\"border: 0;\" src=\"https:\/\/www.google.com\/maps\/embed?pb=!1m18!1m12!1m3!1d2598.2499674855517!2d16.425056316171524!3d49.366342979340544!2m3!1f0!2f0!3f0!3m2!1i1024!2i768!4f13.1!3m3!1m2!1s0x4712849cf34f9fb7%3A0x7885bf84b64a599e!2zVMSbbG9jdmnEjW7DoSBqZWRub3RhIFNva29sIExvbW5pxI1rYQ!5e0!3m2!1scs!2scz!4v1510698735844\" width=\"600\" height=\"450\" frameborder=\"0\" allowfullscreen=\"allowfullscreen\"><\/iframe><\/p>\n","protected":false},"excerpt":{"rendered":"<p>TJ Sokol Lomni\u010dka Lomni\u010dka 27 666 01 Ti\u0161nov I\u010c 49461788 info@sokollomnicka.cz Datov\u00e1 schr\u00e1nka fnqdhsh Telefonn\u00ed kontakt 606 944 741\u202c (starosta Pavel Hrabec)<\/p>\n","protected":false},"author":14,"featured_media":0,"parent":0,"menu_order":0,"comment_status":"closed","ping_status":"closed","template":"","meta":{"ngg_post_thumbnail":0,"footnotes":""},"class_list":["post-10","page","type-page","status-publish","hentry"],"jetpack_sharing_enabled":true,"jetpack_shortlink":"https:\/\/wp.me\/PaaAj-a","_links":{"self":[{"href":"https:\/\/www.sokollomnicka.cz\/index.php?rest_route=\/wp\/v2\/pages\/10","targetHints":{"allow":["GET"]}}],"collection":[{"href":"https:\/\/www.sokollomnicka.cz\/index.php?rest_route=\/wp\/v2\/pages"}],"about":[{"href":"https:\/\/www.sokollomnicka.cz\/index.php?rest_route=\/wp\/v2\/types\/page"}],"author":[{"embeddable":true,"href":"https:\/\/www.sokollomnicka.cz\/index.php?rest_route=\/wp\/v2\/users\/14"}],"replies":[{"embeddable":true,"href":"https:\/\/www.sokollomnicka.cz\/index.php?rest_route=%2Fwp%2Fv2%2Fcomments&post=10"}],"version-history":[{"count":6,"href":"https:\/\/www.sokollomnicka.cz\/index.php?rest_route=\/wp\/v2\/pages\/10\/revisions"}],"predecessor-version":[{"id":952,"href":"https:\/\/www.sokollomnicka.cz\/index.php?rest_route=\/wp\/v2\/pages\/10\/revisions\/952"}],"wp:attachment":[{"href":"https:\/\/www.sokollomnicka.cz\/index.php?rest_route=%2Fwp%2Fv2%2Fmedia&parent=10"}],"curies":[{"name":"wp","href":"https:\/\/api.w.org\/{rel}","templated":true}]}}